re the prime factors of o?
3, 19
Let h(d) be the first derivative of d**2 + d - 1. Suppose 5*j = 20 + 5. List the prime factors of h(j).
11
Let u be -2 + (-26)/(-4)*2. Let q = -19 + u. Let d = q + 14. What are the prime factors of d?
2, 3
Suppose 0 = -4*d - 5*a - 15, 26 = -5*d - 0*d + a. Let o = 1 - d. What are the prime factors of o?
2, 3
Let m(v) = 2*v**2 - 2. Let i be m(-3). Suppose -22 = 15*o - i*o. List the prime factors of o.
2, 11
Suppose 2*u - 4 = 4. Suppose 0 = 2*v - u*y + 10, 0*y + 6 = 2*y. Let m = v - -6. List the prime factors of m.
7
Let u = 4 - 0. Suppose u*z = -2*b - 4, 0*z + 4*z - 6 = 3*b. Let s = 1 - b. What are the prime factors of s?
3
Let c be (4/(-10))/((-1)/5). Let o(a) be the first derivative of 7*a**2/2 - 2*a + 1. What are the prime factors of o(c)?
2, 3
Suppose g + 5 = -1. Let k(q) = q**2 + 3*q - 5. List the prime factors of k(g).
13
Let f(m) = m**2 + m + 16. What are the prime factors of f(-16)?
2
Let z(n) = -n**3 - 13*n**2 + 14*n + 13. List the prime factors of z(-14).
13
Suppose 352 = 2*s - 0*s - t, t = -3*s + 523. What are the prime factors of s?
5, 7
Let h be 4/(-2) - 0/1. Let m = h - -19. What are the prime factors of m?
17
Suppose -6*c = -2*c - 560. Suppose -s - c = -5*s. List the prime factors of s.
5, 7
Suppose -c - 2*o + 6 + 25 = 0, 0 = 2*c + 3*o - 60. List the prime factors of c.
3
Let l be ((-36)/(-84))/(2/14). Suppose -2*h = l*d - 34, -5*h + 8 = -0*d + 2*d. What are the prime factors of d?
2, 7
Let o = 40 + -13. What are the prime factors of o?
3
Let h(n) = 8*n**2. List the prime factors of h(-2).
2
Let r(f) = -f**3 - 6*f**2 + 7. What are the prime factors of r(-6)?
7
Let f be 0/(0 - -1) - -3. Suppose 0 = -3*a + 5*w + 7, a + 7 = f*w + w. What are the prime factors of a?
3
Suppose 0 = -h + 18 + 12. Suppose -4*x + j = h, -4*x - 22 + 0 = 3*j. What are the prime factors of (-96)/x + (-2)/(-7)?
2, 7
Suppose -s - 2*r + 80 = 0, s + 5*r - 22 = 73. List the prime factors of s.
2, 5, 7
Suppose i - 6 = -0*i. Let g be (i/2)/(1 + 0). Suppose g*f + 14 = 4*f. List the prime factors of f.
2, 7
Let z(b) = 10*b - 11. What are the prime factors of z(4)?
29
Let b(c) = 68*c**3 - c**2 + c - 1. List the prime factors of b(1).
67
Let z(w) = 5*w**3 - 4*w**2 + 15*w + 10. Let r(p) = p**3 + p + 1. Let a(m) = -6*r(m) + z(m). Let c be a(-6). Let o = c - 7. List the prime factors of o.
3, 5
Let d(p) = 3*p**3 - 6*p - 3. Let h be d(-2). Let b = h + 20. List the prime factors of b.
5
Suppose 6*l = 2*l + 100. What are the prime factors of l?
5
Let m = -94 - -146. Let u = m - 27. Let r = 42 - u. What are the prime factors of r?
17
Let f(x) = -5*x - 1. Let k be f(-1). Suppose 3*n = -q - n + 21, 0 = -4*q - k*n + 36. Suppose -50 = -q*m - 0. List the prime factors of m.
2, 5
Let t(o) = -o**3 - 14*o**2 - 3*o - 10. Let k be ((-42)/4)/(15/20). Let c be t(k). Let z = -17 + c. What are the prime factors of z?
3, 5
Let m be 2/6*-2*-3. Suppose 2*t - 2*f - 24 = -2*t, -28 = -5*t + 2*f. Suppose 0 = -m*n - 3*y + 22, t*n + y - 3 = 21. What are the prime factors of n?
5
Let h be -5 + 0 + 2 - -69. Suppose h = 4*x - x - 2*a, 3*a - 81 = -3*x. List the prime factors of x.
2, 3
Suppose 4*m = -0*m + 20. Let o(x) = -x**2 + 5*x + 2. Let s be o(5). Suppose 4*f + 40 = m*j, -f - s*f - 15 = 0. What are the prime factors of j?
2
Let c(w) = w**2 - w - 4. Let q be c(4). Suppose 3*s + 5*x + q + 26 = 0, 0 = 3*x - 3. Let m = s - -21. What are the prime factors of m?
2
What are the prime factors of 283/2 + 2/4?
2, 71
Suppose 39 = g - 0*g. List the prime factors of g.
3, 13
Let p = 4 + -1. Let o = 1 - 0. Suppose -w = q - p*w + o, -5*w = -5*q + 20. List the prime factors of q.
3
Suppose 4*z - 122 = 194. Suppose -4*i - 5*s = -85, 0*s - z = -4*i + s. List the prime factors of i.
2, 5
Let q = -63 - -109. Suppose -3*o - q = -o. Let f = o - -33. What are the prime factors of f?
2, 5
Suppose 0*g + 4*g + 4*q + 40 = 0, 5*g = -q - 58. Let t = 25 - g. What are the prime factors of t?
37
Suppose 2*n + 10*a - 19 = 5*a, 3*a = 2*n - 43. List the prime factors of n.
17
Suppose 2*y + 0 - 908 = -4*r, 4*r - 3*y = 908. List the prime factors of r.
227
Suppose -3*s + 3*h = -27, -3*s + 69 = 2*s + 3*h. List the prime factors of s.
2, 3
Let i be -2 + (-6)/(-3) + 11. Suppose k - i = 2*n - n, -4*k - 4*n = -68. What are the prime factors of k?
2, 7
Let d = -32 - -56. List the prime factors of d.
2, 3
Let b be -20 - -1 - (4 + -5). Let h be (-12)/b + 94/3. Suppose -2*i + h = 4*x, 0 = -x + 2*i - 3*i + 10. What are the prime factors of x?
2, 3
Let n(l) = -3*l + 5. Let m be n(5). Let k(x) = 3*x - 2*x - 10 - 3*x. What are the prime factors of k(m)?
2, 5
Suppose 2*o = -o + 2*u + 117, 0 = -2*o + 2*u + 80. Suppose o = 5*h + 112. Let s = 21 + h. What are the prime factors of s?
2, 3
Let z = -6 + 6. Let d be 4/4 + z/1. Suppose 2*m + d = 5. List the prime factors of m.
2
Suppose -d - 6 - 2 = 0. Let q = 14 + d. What are the prime factors of q?
2, 3
Suppose 5*h - 5*u = -0*u + 20, u + 4 = -h. Suppose 0*g + g = h. Let n = 8 + g. What are the prime factors of n?
2
Let v be 58*1/(-6)*-3. Let n = v - 5. Suppose -3 - n = -3*q. What are the prime factors of q?
3
Let p(h) = -h - 2. Let d be p(-4). Suppose 0 = d*a - 4*z + 5*z - 55, 5*a - 5*z = 145. What are the prime factors of a?
2, 7
Let u = 233 + -155. What are the prime factors of u?
2, 3, 13
Let j(x) = x**3 - 15*x**2 - 30*x - 9. List the prime factors of j(17).
59
Let w = 5 - 5. Suppose -2*z - 8 = -w*z, -28 = -4*l + 2*z. List the prime factors of l.
5
Suppose -3*d = -7*d - z + 121, z - 63 = -2*d. List the prime factors of d.
29
Suppose -2*j + o - 1080 = -7*j, -o = 0. Suppose -6*s = -s - 3*d - j, -52 = -s + 5*d. List the prime factors of s.
2, 3, 7
Suppose 6*w = w. Suppose f + w*f = 2. Suppose -5 = -f*n + 3. What are the prime factors of n?
2
Let h(u) = 4*u**2 - 7*u - 10. List the prime factors of h(-7).
5, 47
What are the prime factors of -1 - ((-2)/(-6) - (-1132)/(-12))?
3, 31
Suppose 0*i + 6 = -2*i. Let u(j) = j**3 + 5*j + 3*j**2 + j**2 - 3*j - 1. List the prime factors of u(i).
2
Let w = 1 + 1. List the prime factors of (-14)/(3 - 2 - w).
2, 7
Suppose 2*u - 27 = 75. List the prime factors of u.
3, 17
Let y(i) = -i + 33. List the prime factors of y(-10).
43
Suppose 6*v - 2*v = 3*x - 329, 2*x - 4*v = 222. List the prime factors of x.
107
Let p(l) = l**2 - l - 4. Suppose -4*u = -3*w - 29, 16 = 3*w + u + 4*u. What are the prime factors of p(w)?
2
Let k(u) = u**2 + 9*u - 3. What are the prime factors of k(-11)?
19
Suppose 0 = 3*j - 4*c + 4, 0*j + 5*j - c = 16. Let d be (5 - j)*(2 - 2). Suppose 5*v - 54 + 19 = d. What are the prime factors of v?
7
What are the prime factors of 173 - (2/5 + 28/(-20))?
2, 3, 29
Let m(t) = 6*t**3 - 2*t**2 + 1. Let z be m(1). Suppose 4*h - 3*d = 14, -5*h - z*d = -5 - 30. What are the prime factors of h?
5
List the prime factors of -2*(-6)/8*(-3084)/(-18).
257
Let g(t) = 11*t**2 - 2*t + 1. List the prime factors of g(-3).
2, 53
Let i(g) = 5*g**2 + 4*g + 2. Let h(y) = y**2 + 7*y - 3. Let a be h(-7). List the prime factors of i(a).
5, 7
Let t be 4/(-2) - -3*1. Let c = 2 + 0. Suppose c*q + t = 15. List the prime factors of q.
7
Suppose 0 = -0*l + 2*l. Let d = l - 3. List the prime factors of (5/d)/((-2)/6).
5
Let p = -13 + 98. List the prime factors of p.
5, 17
Let i = -35 + 106. List the prime factors of i.
71
What are the prime factors of (-520)/(-9) - 2/(-9)?
2, 29
Suppose -2*t + c = -3*c - 138, 159 = 2*t + 3*c. List the prime factors of t.
3, 5
Suppose -3*r - 2*r = 3*f + 3, 2*f - 14 = 2*r. Suppose 0 = -2*q + 3*v + 94, f*q - 69 = -v + 91. What are the prime factors of q?
41
What are the prime factors of (-1)/(646/324 - (2 + 0))?
2, 3
Let u(d) = d - 1. Let a(b) = b**3 - 5*b**2 - 2*b - 7. Let p(y) = -a(y) + 2*u(y). List the prime factors of p(5).
5
Let o(r) = 21*r**3 + 2*r**2 - 1. Let h be o(1). Let s = h + -4. What are the prime factors of s?
2, 3
Let j = 24 + -62. Let i be 2/(-4)*(-106)/(-1). Let r = j - i. List the prime factors of r.
3, 5
Let x(p) = 12*p**3 - p**2 + p - 1. Let v(d) = -d + 7. Let l be v(6). List the prime factors of x(l).
11
Let k(m) = -m**2 - 3*m - 2. Let y be k(-6). Let g = 35 + y. List the prime factors of g.
3, 5
Suppose 0 = -5*q - 3*c - 48 - 23, 3*q - 5*c + 63 = 0. Let s = -9 - q. List the prime factors of s.
7
Suppose